. What is v(-30)?
532
Let f(p) = 3341*p + 26737. Give f(-8).
9
Let h(y) = 4*y**2 - 449*y + 117. Give h(112).
5
Let n(d) = d**3 + d**2 - 3*d + 5. Determine n(4).
73
Let v(m) = -89*m + 8348. What is v(93)?
71
Let c(i) = -24*i + 1076. Calculate c(46).
-28
Let q(o) = o**3 + 205*o**2 - 1708*o - 853. Give q(-213).
-1
Let q(w) = 28*w + 122. Calculate q(7).
318
Let o(s) = -24*s**2 - 334*s + 24. What is o(-14)?
-4
Let h(s) = -5*s**2 + 56*s - 8. What is h(0)?
-8
Let t(r) = r**3 + 8*r**2 + 29*r + 187. What is t(-11)?
-495
Let t(d) = d - 121. Give t(5).
-116
Let n(p) = -2*p**3 - 12*p**2 + 10*p - 16. Calculate n(-7).
12
Let c(h) = h**2 + 2*h - 21. Calculate c(9).
78
Let g(k) = 56*k**2 + 61*k + 128. What is g(-2)?
230
Let a(x) = -26*x + 171. Determine a(4).
67
Let s(f) = 4*f + 594. Give s(-52).
386
Let p(y) = -11*y + 575. Give p(29).
256
Let w(z) = z**3 - 2*z**2 - 48*z - 5. Calculate w(0).
-5
Let w(v) = -4*v**3 - 19*v**2 - 25*v + 10. What is w(-5)?
160
Let y(r) = 100*r - 2673. Give y(27).
27
Let s(u) = -15*u**2 + 21*u - 76. Give s(3).
-148
Let g(q) = -18*q**2 + 6*q - 4. Determine g(2).
-64
Let b(w) = -26*w**2 + 93*w + 1. Determine b(4).
-43
Let n(l) = 8*l**2 + 188*l - 206. Calculate n(-25).
94
Let j(v) = -46*v**2 - 21*v - 22. Determine j(-1).
-47
Let g(w) = -2*w**3 + 100*w**2 + 82*w - 4117. Determine g(50).
-17
Let u(m) = -m**2 + 3*m + 209. What is u(-13)?
1
Let q(l) = 2*l**3 - 48*l**2 + 306*l - 286. Calculate q(10).
-26
Let y(w) = 813*w + 8165. Give y(-10).
35
Let d(q) = 54*q**2 + 6*q - 13. What is d(2)?
215
Let g(z) = z**3 + 23*z**2 + 139*z + 113. Calculate g(-13).
-4
Let p(a) = -261*a - 1566. Determine p(-6).
0
Let r(x) = -297*x + 6243. Determine r(21).
6
Let b(m) = -2*m**2 - 28*m - 4. Give b(-13).
22
Let j(h) = -h**2 + 14*h + 630. Determine j(-22).
-162
Let d(r) = 27*r + 1136. Give d(-42).
2
Let m(t) = 17*t**3 + 116*t**2 - 17*t - 16. Determine m(-7).
-44
Let y(m) = -2*m**3 + 2*m**2 + m - 80. What is y(0)?
-80
Let u(s) = -2*s**2 - 94*s + 423. Calculate u(-51).
15
Let u(c) = -2*c**2 - 42*c + 89. Calculate u(2).
-3
Let g(w) = 1778*w**2 + 33781*w - 18. Calculate g(-19).
1
Let i(n) = -n**3 + 48*n**2 + 56*n - 162. Calculate i(49).
181
Let u(y) = -115*y**2 + 30*y - 3. Determine u(0).
-3
Let q(z) = 3*z + 8. Determine q(15).
53
Let n(x) = -2*x**2 + 8*x + 10. Determine n(-1).
0
Let n(x) = -x**3 - 233*x**2 - 343*x - 25762. Determine n(-232).
-10
Let p(v) = v**2 + 33*v - 86. Calculate p(-30).
-176
Let r(q) = -q**2 + 927*q - 38862. What is r(44)?
-10
Let d(b) = b**2 + 128*b + 856. Give d(-121).
9
Let v(u) = -40*u**2 - 123*u - 54. Calculate v(-3).
-45
Let i(l) = l**3 + 10*l**2 - 2*l - 14. What is i(-3)?
55
Let t(h) = 4*h**2 - 188*h + 1124. Calculate t(40).
4
Let f(i) = 6*i**2 + 36*i - 104. Determine f(3).
58
Let f(b) = b**3 + 5*b**2 - 16*b - 122. Determine f(-6).
-62
Let k(v) = -34850*v + 139388. Give k(4).
-12
Let y(m) = -602*m - 8412. What is y(-14)?
16
Let f(x) = -31*x - 410. Give f(-16).
86
Let s(k) = -28*k + 253. Calculate s(10).
-27
Let r(l) = -l**3 - 20*l**2 + 30*l - 387. What is r(-22)?
-79
Let m(s) = -2*s**2 + 237*s + 5562. What is m(-20)?
22
Let z(a) = a**2 + 32*a - 143. What is z(-42)?
277
Let l(u) = 2*u - 172. Determine l(-15).
-202
Let a(r) = -2*r**3 - 60*r**2 + 532*r - 89. Determine a(7).
9
Let r(q) = -2*q - 104. Determine r(-32).
-40
Let t(u) = -169*u**2 - 9*u + 11. Determine t(1).
-167
Let h(x) = x**3 - 82*x**2 + 97*x - 1360. Determine h(81).
-64
Let b(u) = -16*u**2 + 3*u - 7. What is b(0)?
-7
Let g(y) = 2*y**3 - 5*y**2 - 11*y - 27. What is g(-3)?
-93
Let a(t) = 204*t - 1752. Calculate a(9).
84
Let w(x) = 5*x**3 + 296*x**2 + 49*x - 587. Determine w(-59).
3
Let a(j) = 26*j + 187. Give a(-5).
57
Let y(r) = -r**3 + 15*r**2 - 36*r - 22. What is y(10)?
118
Let f(i) = -2813*i - 28144. What is f(-10)?
-14
Let a(r) = -r**2 - 7*r + 5. Determine a(-11).
-39
Let w(d) = 6*d**2 + 536*d + 161. Give w(-89).
-17
Let m(q) = 2*q**2 + 9*q - 46. Determine m(-13).
175
Let s(o) = -o**3 + 6*o**2 + 9*o - 40. Give s(9).
-202
Let q(o) = -34*o**2 - o + 8. What is q(2)?
-130
Let m(z) = z**3 - 14*z**2 - 21*z - 84. Determine m(15).
-174
Let s(o) = 6743*o - 6740. What is s(1)?
3
Let r(t) = 293*t + 1500. Calculate r(-5).
35
Let s(d) = -2*d**3 - 722*d**2 - 22*d - 7944. Determine s(-361).
-2
Let f(p) = 2*p**3 + 9*p**2 + 5*p + 6. Give f(-5).
-44
Let a(x) = -13*x - 954. What is a(-74)?
8
Let j(c) = -32*c - 327. Calculate j(-12).
57
Let p(t) = -5*t**2 + 546*t - 1695. Calculate p(106).
1
Let x(o) = o**3 + 46*o**2 + 311*o + 31. Determine x(-8).
-25
Let z(r) = 2*r**3 - 21*r**2 + 96*r - 153. Determine z(4).
23
Let c(y) = 551*y - 4401. Calculate c(8).
7
Let m(q) = -q**3 - 64*q**2 + 143*q + 731. What is m(-66)?
5
Let d(o) = -3*o**2 + 33*o + 180. What is d(-6)?
-126
Let d(i) = 2*i**3 + 24*i**2 + 80*i + 1389. What is d(-13)?
11
Let r(m) = -m**2 - 59*m + 336. Calculate r(-59).
336
Let p(q) = -110*q**3 + 3*q**2 + 8*q + 5. Calculate p(-1).
110
Let b(a) = -9*a**2 - 174*a - 63. Determine b(-19).
-6
Let a(r) = -11*r - 252. What is a(-23)?
1
Let z(o) = -o**2 + 1481*o + 2962. What is z(-2)?
-4
Let n(o) = 574*o + 5659. Give n(-10).
-81
Let m(d) = -25*d**2 - 112*d + 445. What is m(-7)?
4
Let p(j) = -11*j**2 - 113*j - 188. Determine p(-7).
64
Let y(w) = -4*w**2 - 2*w + 125. Give y(4).
53
Let n(y) = -285*y**2 + 98*y - 95. Determine n(1).
-282
Let u(d) = 40*d**2 - 399*d - 8. Calculate u(10).
2
Let u(o) = -o**3 + 41*o**2 - 77*o - 44. Calculate u(39).
-5
Let d(v) = 524*v + 23050. Determine d(-44).
-6
Let c(z) = z**3 - 4*z**2 + 14*z + 334. Determine c(0).
334
Let f(z) = -3*z**2 - 102*z + 142. Determine f(-35).
37
Let g(r) = -2*r**2 - 32*r - 20. Calculate g(-15).
10
Let x(d) = 71*d - 40. Determine x(-8).
-608
Let i(b) = -88*b + 350. Calculate i(4).
-2
Let k(y) = -66*y - 2733. Give k(-42).
39
Let c(q) = 3*q**3 - 14*q**2 + 16. Calculate c(4).
-16
Let f(b) = b**2 + 11*b + 41. Determine f(-8).
17
Let w(q) = -15*q**3 - 3*q**2 - 136*q - 131. Determine w(-1).
17
Let l(c) = 6*c**2 - 53*c - 10. Give l(9).
-1
Let f(r) = -40*r + 349. Give f(11).
-91
Let b(s) = 35*s - 156. Calculate b(4).
-16
Let a(t) = 3*t**2 + 39*t - 14. Give a(-13).
-14
Let p(t) = 25*t - 583. Calculate p(25).
42
Let m(l) = 33*l - 280. Calculate m(11).
83
Let x(c) = -c**2 + 26*c - 199. What is x(14)?
-31
Let s(r) = 41*r + 1042. Give s(-26).
-24
Let u(s) = s**3 + 25*s**2 + 9*s + 104. Calculate u(-25).
-121
Let p(d) = d**2 + 200*d - 2547. Determine p(-212).
-3
Let y(s) = -2*s**3 - s**2 - 45. Determine y(0).
-45
Let k(x) = -7*x - 104. Calculate k(-18).
22
Let r(h) = -h**3 + 18*h**2 - 409*h + 7378. Give r(18).
16
Let o(g) = 141*g + 703. Give o(-5).
-2
Let i(p) = 104*p + 602. Give i(-6).
-22
Let h(f) = -195*f - 392. Give h(-2).
-2
Let o(w) = 25*w**3 - 6*w**2 - 9*w - 1. Determine o(-1).
-23
Let n(f) = f**2 + 42*f + 282. Calculate n(-34).
10
Let b(q) = -6*q**2 - 2*q + 2. What is b(4)?
-102
Let h(q) = -28*q - 307. Determine h(-15).
113
Let z(h) = h**2 - 4*h - 40. Give z(9).
5
Let c(t) = -266*t + 1820. What is c(7)?
-42
Let w(j) = 16*j**2 + 6*j + 17. Give w(-3).
143
Let c(z) = z**3 - 16*z**2 + 46*z + 39. Determine c(13).
130
Let f(x) = 1593*x - 9526. Give f(6).
32
Let o(f) = -5*f**2 + 9*f + 1. What is o(4)?
-43
Let s(a) = 4138*a + 4129. Give s(-1).
-9
Let m(y) = -2*y**3 - 2*y**2 + 50*y - 46. Determine m(-6).
14
Let o(x) = -x**2 - 67*x + 108. Determine o(-68).
40
Let a(g) = -g**3 - 13*g**2 - 22*g + 12. What is a(-13)?
298
Let h(m) = 27*m**2 + 2374*m - 164. Give h(-88).
12
Let y(m) = -6*m**2 - 232*m + 87. Calculate y(-39).
9
Let m(p) = 6*p**2 - 70*p - 1. Determine m(9).
-145
Let d(s) = -112*s + 890. Calculate d(8).
-6
Let y(r) = -633*r - 1904. Give y(-3).
-5
Let h(w) = 83*w - 3475. Give h(42).
11
Let u(n) = 27*n**2 - 175*n - 10. Give u(7).
88
Let i(u) = u**3 - 5*u**2 - 663*u + 7. Determine i(0).
7
Let i(x) = -x**2 + 32*x + 8. What is i(26)?
164
Let f(z) = 32*z**3 - 8*z**2 - 7*z - 4. Give f(-2).
-278
Let b(d) = 128*d - 8065. What is b(63)?
-1
Let q(m) = m**3 - 50*m**2 + m - 48. What is q(50)?
2
Let m(g) = g**3 + 116*g**2 + 562*g + 788. What is m(-111)?
11
Let t(d) = d**3 - 3*d**2 - 6*d - 9. Calculate t(-2).
-17
Let t(j) = j**3 + 25*j**2 - 105*j + 29. What is t(-29)?
-290
Let p(o) = 94*o - 135. Determine p(2).
53
Let v(f) = f**3 + 46*f**2 + 8*f + 602. Calculate v